he second derivative of 1/12*a**4 + h + 5/2*a**2 + 1/3*a**3 - 4*a. Calculate u(-4).
13
Let u(w) = -w**3 - 43*w**2 + 89*w - 12. Let r be u(-45). Let m(i) = -27*i + 86*i - 30*i + 3*i**2 - 5 - r*i - 5*i**2. Calculate m(-2).
-5
Suppose -12 = -3*r + 4*h, 5*r - 256*h = -263*h + 20. Let f(m) = 8*m**2 - 33*m. Give f(r).
-4
Let r(x) = 59*x**2 - 707*x - 10. Let a be r(12). Let m(c) = -32*c + 4. Calculate m(a).
-60
Let a(v) be the third derivative of -v**4/8 + 11*v**3/2 - 2*v**2 - v - 1. Give a(9).
6
Let u(m) = -11*m + 21. Suppose -5*b + 44 = -0*b + 3*h, -3*h + 23 = 2*b. Give u(b).
-56
Let n(u) be the third derivative of u**4/8 - u**3/3 - 6*u**2 + 112. Determine n(-3).
-11
Let t(d) = -5*d + 40. Let l(p) = -20*p + 206. Let r be l(10). Give t(r).
10
Suppose 0 = 3*f - 6, 407*w = 402*w - f + 67. Let o(z) be the second derivative of z**3/3 - 13*z**2 - 39*z. Give o(w).
0
Let c(d) = -d. Suppose -9*l = -28*l + 266. Suppose -l + 18 = -4*o. Give c(o).
1
Let g = -262 + 259. Suppose -12*x + 10*x = -4. Let o(c) = c**x - 8*c + 17*c - 3*c. Determine o(g).
-9
Let j be ((-7)/21)/((-31)/(-1488)). Let s(c) = c**3 + 15*c**2 - 18*c + 14. Determine s(j).
46
Let d(z) = z**2 - 7*z + 8. Let c(w) = w - 10. Let a be c(14). Suppose 35 = -a*y - 145. Let v = y - -51. What is d(v)?
2
Let a(r) be the second derivative of -5*r**3/2 + 11*r**2 - 306*r. Determine a(2).
-8
Let n be (-4)/(-3) - 14/(-84)*22. Let o(i) = -131*i**2 - 130*i**2 + 396*i**2 - n - 134*i**2 + i. Determine o(-5).
15
Let p(z) be the third derivative of -z**5/60 + 11*z**4/24 - 19*z**3/3 + 10*z**2 - 4*z - 2. Calculate p(9).
-20
Let f(c) be the first derivative of -c**5/60 + 5*c**4/24 - 2*c**3/3 - 17*c**2 - 119. Let k(a) be the second derivative of f(a). Determine k(3).
2
Let c(t) be the first derivative of -t**4/4 - 28*t**3/3 - 11*t**2 + 138*t + 6675. Give c(-27).
3
Let s(z) be the second derivative of -z**6/360 + z**5/40 + z**4/6 + 37*z**3/2 - 120*z. Let b(k) be the second derivative of s(k). Give b(3).
4
Let b be ((-2)/((-4)/(-2)))/(24/(-120)). Let t(w) = b*w + 0 + w + 3 - 2*w + 1. Give t(2).
12
Let v(q) = q**3 - q**2 + 10. Let x(k) = 2*k**3 + 10*k**2 - 12*k + 16. Let y(r) = 3*v(r) - x(r). What is y(12)?
14
Let p be -12*(21/(-15) + 14/35). Let m(s) = 9 + p*s - 25*s + 14*s - 7. Let k be 4/10 - (-44)/(-10). Determine m(k).
-2
Suppose -64 = -11*f - 31. Let q(j) = -2*j + 0*j**2 + 4*j**2 - j**2 + 1 - 2*j**2. Give q(f).
4
Let f(z) be the third derivative of z**4/24 - z**3/6 - 11*z**2 - 2*z. Give f(2).
1
Let y(q) = -3*q - 2. Let m(j) = 10*j + 11. Let b(z) = m(z) + 3*y(z). Let u be ((-2)/(-5))/((-20)/150). Determine b(u).
2
Suppose -4*p + 3*f + 299 = 6*f, -2*f = -4*p + 314. Suppose 8*b - 13 = -p. Let z(n) = n**3 + 9*n**2 + 9*n + 2. Calculate z(b).
-6
Let k = 9 + -7. Suppose k*h - 12 - 2 = 0. Let c(o) be the first derivative of o**4/4 - 7*o**3/3 - o**2/2 + 6*o - 97. What is c(h)?
-1
Let o(h) be the second derivative of -h - 2 + 7/12*h**4 - 3/2*h**3 - 1/20*h**5 + 1/2*h**2. Give o(6).
-17
Let s(v) = v**3 - 7*v**2 - v - 4. Let x(n) = n**3 + 25*n**2 - 28*n - 45. Let u be (-9 - -1)*52/16. Let f be x(u). Determine s(f).
-11
Let a be ((0/(-4))/1*-1)/(-5). Let q(d) be the third derivative of -d**2 + 1/24*d**4 + 0 - d**3 + a*d. Give q(0).
-6
Let t(k) be the first derivative of 7*k**2/2 + 21*k + 51. Let d(q) = 6*q + 20. Let o(v) = -6*d(v) + 5*t(v). What is o(-10)?
-5
Suppose -4*x + 5 + 3 = 0. Let k(u) = -x*u + 2 - 4*u + 4*u + u. Let i(c) = 408*c - 415. Let l be i(1). Determine k(l).
9
Suppose 58*h - 6 = 113*h - 61. Let r(f) = 40*f + 12. Determine r(h).
52
Suppose 0*h + 15 = -5*h. Let c(v) = -v**3 - 10*v**2 - 9*v + 4. Let l be c(-9). Let i(b) = -l - 26*b + 17*b + 4*b. Calculate i(h).
11
Let t(b) = 23*b**3 + 41*b**2 - 2*b + 12. Let i(l) = -21*l**3 - 38*l**2 + l - 12. Let r(f) = 11*i(f) + 10*t(f). What is r(-7)?
2
Let q = -3840 + 3834. Let m(y) = -y**2 - 5*y + 4. Let w(b) = b**2 + 5*b - 3. Let i(c) = 5*m(c) + 6*w(c). Give i(q).
8
Let i(l) = 9*l + 9. Let c(h) = h - 3. Let v(p) = -7*c(p) + i(p). Calculate v(-16).
-2
Let c(x) be the second derivative of x**4/12 + 19*x**3/3 + 69*x**2/2 - 2415*x. What is c(-36)?
-3
Let h be (-4 - -6)/1 + 1. Let g(y) be the third derivative of y**5/60 - y**4/24 - y**3 + 5*y**2 - 17*y. Give g(h).
0
Let a(i) be the first derivative of i**3/6 - 11*i**2 - 82*i - 210. Let s(u) be the first derivative of a(u). Determine s(19).
-3
Let j(k) = k**2 + k - 10. Let n be j(2). Let i be 10/(-1 + -1*(n - -1)). Let c(z) = 0 + z + 7 - i - 5. Determine c(6).
3
Let u = -10115 - -10120. Let l(g) = -74*g + 369. Calculate l(u).
-1
Let v(i) = 24*i + 202. Let r = 331 + -339. Let y be v(r). Let f(x) = -2*x + 7. What is f(y)?
-13
Let x(y) = -y**3 - 8*y**2 + 6*y - 3. Let d be 30/5 - 167/(-2 - -1). Let f be (d/(-19) - 0) + (-38)/(-361). Determine x(f).
24
Let c(r) = r**3 - 6*r**2 + 3*r + 3. Let k be c(5). Let a = k + 5. Let i(p) be the first derivative of -p**4/4 - 4*p**3/3 + p - 178281. Give i(a).
-7
Suppose -1846*i - 22 = -1857*i. Let h(x) = -5*x**3 - x**2 + 3*x - 2. Determine h(i).
-40
Let q(i) be the first derivative of 8*i**2 - 44. Let y(r) = 2*r + 1. Let p(m) = q(m) + y(m). What is p(-1)?
-17
Let z(p) = p**3 - 2*p**2. Let c(q) = 8*q**3 - 19*q**2 + 11. Let g(i) = -c(i) + 7*z(i). Determine g(3).
7
Let x = 340 - 339. Let i(a) = 0 - 437*a**2 + 7*a - 2 + x + 436*a**2. Give i(7).
-1
Suppose 40 = 4*y - 4*w, -2*w - 9 = 1. Let s(z) = y*z - 13*z - 5 - z**2 + 3*z + 0*z. Determine s(-4).
-1
Let a be (-5)/(30/(-4))*-3 + 3. Let b(k) be the first derivative of 11*k**4/4 - 62. Calculate b(a).
11
Let t(y) = -y + 0*y - 6 + 0*y**3 + 0*y + y**3 - 3*y**3 - 8*y**2. What is t(-4)?
-2
Let d(b) = -684*b + 15 + 348*b + 338*b. Calculate d(25).
65
Suppose 8*v + 20 = 12*v. Let f be (1 + -5)*9/(-18). Let g(d) = -2 - d**3 + f*d + 2*d - v*d**2 - 9*d + 2*d**3. Give g(6).
4
Suppose -b = 16 - 20. Let t(y) = 20*y - 3*y**2 + 2 - b*y**2 - 25*y - y**3 - 1. What is t(-5)?
-24
Let h(g) = -2*g**2 + 16*g - 39. Let j be h(11). Let q = j + 106. Let n(w) = 2*w - 6*w**2 + 2*w**2 - 12*w**2 - 3*w. Determine n(q).
-17
Let o(s) = -s**3 - 6*s - 11. Suppose 2*l - 150*c + 145*c - 15 = 0, -3*c - 9 = l. Determine o(l).
-11
Let h(f) = -6*f + 1. Let i(s) = 7*s - 2. Suppose -2*a + 2 = -a. Let l(m) = a*i(m) + 3*h(m). Suppose 228*b - 4*b + 672 = 0. Determine l(b).
11
Let w(y) = 23*y**2 + 25*y. Let i(k) = 4*k**2 + 4*k. Let g(x) = 19*i(x) - 3*w(x). Let l = 7 + -8. What is g(l)?
6
Suppose -383*i - 1782 = -389*i. Let t(n) = 610 - 301 - i - 2*n. Give t(6).
0
Let n(s) = -s**2 - s + 12. Let z = -4684 - -4687. Calculate n(z).
0
Let p(l) = 2*l + 31. Suppose -87*j = -65*j. What is p(j)?
31
Suppose 4*t + 7*s = 11*s - 4, 5*t + 5 = 7*s. Let u = 3 + -2. Let w(n) = -3*n**3 + n - u + n**2 + 0 - 2*n. Give w(t).
4
Suppose -18*u - 598 = -64*u. Let s(c) = c**3 - 15*c**2 + 26*c + 11. Calculate s(u).
11
Let v(a) = -a - 16. Let c(i) = 16*i**2 + 32. Let m be c(-5). Let u = -432 + m. Calculate v(u).
-16
Let f be 110/9 - -6*4/(-108). Let w = f - 6. Let v(j) = 3*j - 22. Let n be v(w). Let g(x) = 2*x**2 + 5*x - 4. Calculate g(n).
8
Let w(t) = -10*t**3 + t**2 - t + 1. Let p = -69 - 112. Let i = p + 182. Give w(i).
-9
Let v = 361975 - 361974. Let p(q) = -q**3 - q**2 + 3*q - 5. Let i(u) = -u**3 - u**2 + 3*u - 6. Let d(r) = -3*i(r) + 4*p(r). Give d(v).
-1
Let w(l) = -l**3 + 11*l**2 + 14*l - 20. Let o be 68388/5658 - (3 + 67*(-2)/46). What is w(o)?
4
Suppose 68*f + 35 = 75*f. Suppose -f*p + 61 = 41. Let z(r) = -9*r + 6. Give z(p).
-30
Let u(g) = 10*g + 18. Let h be u(1). Suppose 2*n + 6*s - 1 = 11*s, 5*n - 4*s - h = 0. Let o(y) = y**3 - 9*y**2 + 6*y + 18. What is o(n)?
2
Let i = -6037 + 6054. Let k(g) = -g**3 + 16*g**2 + 12*g + 18. Determine k(i).
-67
Let o(t) = t**2 - t - 3. Let s(a) = a + 1. Let c(z) = o(z) + 2*s(z). Let w(h) = -h**2 - 12*h + 65. Let v be w(-15). Let u be (-4 - 0) + v/(-20). Calculate c(u).
19
Let i(c) = 9*c + 10. Let m = -112 + 102. Determine i(m).
-80
Let u(b) = 2*b + 16. Let p = -8724 + 8728. What is u(p)?
24
Let s(v) = 2*v + 5. Let d be s(-9). Let h(u) = u**3 - u**2 + 7*u - 4. Let g(c) = -c**3 - 2*c**2 - 9*c + 2. Let q(r) = 5*g(r) + 4*h(r). Calculate q(d).
46
Let s(l) be the second derivative of l**5/60 - l**4/12 + l**3/6 - 140*l**2 - l + 11. Let r(i) be the first derivative of s(i). Determine r(4).
